e
Is 67497906719 a prime number?
True
Is 3160400167 prime?
False
Is 2716595579 a prime number?
False
Is 1869870239 a prime number?
False
Is 29581416971 composite?
False
Is 3548586793 a prime number?
False
Is 16962772991 prime?
True
Is 9600272767 composite?
False
Is 9762728141 prime?
False
Is 28991291011 a composite number?
False
Is 166169627753 a prime number?
True
Is 723587903 a prime number?
False
Is 652156369 prime?
True
Is 151324844123 composite?
True
Is 27276174139 composite?
True
Is 960763273 prime?
True
Is 15977484881 a prime number?
True
Is 199890563 a prime number?
False
Is 62161820561 composite?
True
Is 12250032031 a prime number?
True
Is 14176081 a prime number?
True
Is 80104329887 prime?
True
Is 2838756539 composite?
False
Is 587084873 a composite number?
False
Is 272753359 composite?
True
Is 92255749171 a composite number?
True
Is 9673743383 prime?
True
Is 28291338841 a composite number?
False
Is 232358591 a composite number?
True
Is 4383403877 composite?
False
Is 2611479503 a composite number?
False
Is 386163301 a prime number?
True
Is 379893817 a composite number?
False
Is 6822371 a prime number?
True
Is 13196984807 a prime number?
True
Is 2656938013 composite?
True
Is 1778186246 a prime number?
False
Is 67372753969 prime?
True
Is 33061761893 a prime number?
False
Is 2861697071 a composite number?
False
Is 26869427 a composite number?
True
Is 667172119 prime?
False
Is 529925519 a composite number?
True
Is 5063116021 prime?
True
Is 182775542761 composite?
True
Is 636013802687 a prime number?
True
Is 26752504787 a prime number?
True
Is 130118951 prime?
True
Is 27853981751 a composite number?
True
Is 3773307077 a prime number?
False
Is 7026744469 a composite number?
False
Is 430569413 a composite number?
True
Is 2452634167 a prime number?
True
Is 1776527233 a prime number?
False
Is 2102537929 a prime number?
False
Is 316967789 a prime number?
False
Is 3189678461 a prime number?
False
Is 4985950849 prime?
False
Is 484798109 a composite number?
False
Is 33605971367 prime?
True
Is 21990173341 a prime number?
False
Is 11833090267 composite?
False
Is 9789252829 a prime number?
True
Is 104884387187 a composite number?
True
Is 3420672001 composite?
True
Is 6143050357 prime?
True
Is 695901191 prime?
False
Is 1358846581 a prime number?
False
Is 23858827987 a composite number?
False
Is 345635047 a prime number?
False
Is 17123506159 prime?
False
Is 111809640893 prime?
True
Is 16701806501 a composite number?
False
Is 2094624047 a prime number?
False
Is 5576290949 composite?
True
Is 322726 composite?
True
Is 44589898403 prime?
True
Is 63885748363 a prime number?
False
Is 37964477743 prime?
False
Is 539525989 a prime number?
False
Is 20935041121 composite?
True
Is 6427623379 a composite number?
False
Is 4681970371 composite?
True
Is 4455122605 a composite number?
True
Is 75493096971 prime?
False
Is 68226087803 a composite number?
True
Is 52703975003 composite?
False
Is 21256845427 prime?
True
Is 10008970397 a composite number?
False
Is 3955028789 a prime number?
True
Is 53308698089 a prime number?
True
Is 49308608821 a prime number?
False
Is 661932977 composite?
True
Is 406577011 composite?
False
Is 452728240813 composite?
True
Is 17930871383 prime?
True
Is 16380126251 a prime number?
False
Is 35242973401 composite?
False
Is 2037575057 a prime number?
False
Is 5837771 composite?
True
Is 185243023265 a composite number?
True
Is 244353271 a prime number?
True
Is 4012275563 prime?
True
Is 21546953353 prime?
True
Is 90641876131 prime?
True
Is 548993261 composite?
False
Is 417962351 composite?
True
Is 66563557 prime?
True
Is 6712346735 composite?
True
Is 172690991 a composite number?
True
Is 10038190289 a composite number?
False
Is 3349739291 a composite number?
True
Is 1058898173 composite?
True
Is 1097212157 prime?
True
Is 90721330537 a prime number?
True
Is 1244378209 a prime number?
True
Is 1630098298 composite?
True
Is 2272860493 composite?
False
Is 354748609 prime?
True
Is 15867331811 a prime number?
False
Is 1149476639 prime?
False
Is 2626313111 a composite number?
False
Is 2634938543 a composite number?
False
Is 2411854781 a prime number?
False
Is 24330314851 a composite number?
True
Is 13393126997 a prime number?
False
Is 89251188409 a composite number?
True
Is 45299265514 a composite number?
True
Is 7724742097 prime?
True
Is 7039175027 composite?
False
Is 944728867 prime?
True
Is 169759509995 a prime number?
False
Is 1454595251 composite?
True
Is 5151878909 a prime number?
True
Is 13363337851 composite?
True
Is 7972191527 a prime number?
True
Is 675783097 prime?
False
Is 105905201 a prime number?
True
Is 1449121829 a prime number?
True
Is 3127886483 a composite number?
False
Is 606931558609 a composite number?
False
Is 24031720303 composite?
False
Is 243275995211 prime?
False
Is 92059697791 prime?
True
Is 509522527 a composite number?
False
Is 80809387441 a composite number?
False
Is 8997924179 prime?
True
Is 667668343 prime?
True
Is 6645111991 prime?
False
Is 10507604449 composite?
True
Is 1581535799 a composite number?
True
Is 12573828827 prime?
False
Is 357857287 prime?
True
Is 1595368169 composite?
True
Is 10767872873 prime?
True
Is 2428048795 composite?
True
Is 19753999747 prime?
True
Is 513315389 composite?
False
Is 2553243587 prime?
False
Is 3124706971 a prime number?
False
Is 82984417 a prime number?
True
Is 19832845589 prime?
True
Is 990181499 a prime number?
True
Is 15801583807 a prime number?
True
Is 312538357 a prime number?
False
Is 31888471721 a composite number?
False
Is 517993793 a prime number?
True
Is 3899436421 composite?
True
Is 712076657 a composite number?
False
Is 900969898 prime?
False
Is 1234004983 prime?
True
Is 762384341 prime?
False
Is 4730841827 a composite number?
False
Is 2228384659 a composite number?
False
Is 945339119 a composite number?
False
Is 526766497 composite?
False
Is 19171981189 prime?
True
Is 1439983729 a composite number?
False
Is 117319153531 prime?
False
Is 1374985259 a prime number?
False
Is 3588641887 a prime number?
True
Is 9642536301 composite?
True
Is 111049688697 composite?
True
Is 1620975697 a composite number?
True
Is 1754262511 a composite number?
True
Is 83937625165 a prime number?
False
Is 7784360313 a composite number?
True
Is 32571792013 composite?
False
Is 39702039199 a prime number?
True
Is 1094989577 prime?
False
Is 98884801303 composite?
False
Is 41276776417 prime?
True
Is 12032616887 prime?
True
Is 762822031 a composite number?
False
Is 19803721367 prime?
True
Is 47758633 a composite number?
True
Is 12929540441 prime?
False
Is 463688081 prime?
True
Is 1656136409 composite?
False
Is 86035423 composite?
False
Is 7806428291 composite?
True
Is 29871119129 a composite number?
False
Is 12878663527 a prime number?
False
Is 3989666903 prime?
False
Is 27709996757 composite?
False
Is 3777806729 composite?
False
Is 12068367863 prime?
True
Is 106107872971 composite?
False
Is 2876497109 a composite number?
False
Is 8804491061 a composite number?
False
Is 72503287 composite?
True
Is 524888569 a prime number?
False
Is 170282937083 composite?
True
Is 47534896543 a composite number?
False
Is 636274543 prime?
False
Is 111175199 composite?
True
Is 14872054853 composite?
True
Is 36339613519 composite?
True
Is 909510367 composite?
True
Is 54355644319 a prime number?
False
Is 177754117 a composite number?
False
Is 269729432327 a prime number?
True
Is 73967483 composite?
False
Is 11620177391 a prime number?
True
Is 7812395711 a composite number?
True
Is 67718455781 composite?
False
Is 318269013 composite?
True
Is 6154351267 prime?
False
Is 24191673521 composite?
False
Is 1167651229 prime?
True
Is 441587197 a prime number?
False
Is 1981336801 prime?
True
Is 26461148447 composite?
False
Is 4941376793 prime?
False
Is 8606401 prime?
True
Is 671378429 composite?
False
Is 610488019 prime?
False
Is 219394817 prime?
False
Is 376297943 composite?
True
Is 5532569491 a prime number?
False
Is 9887253661 a composite number?
True
Is 6333365683 a composite number?
True
Is 11585758586 a prime number?
False
Is 31578309695 a prime number?
False
Is 1619753659 a prime number?
False
Is 785378141 composite?
False
Is 122831618317 a prime number?
True
Is 39074185463 prime?
False
Is 3584040143 a composite number?
False